*2 + 4357*d - 243. Calculate a(-242).
-485
Let q(k) = 52775*k - 3008169. What is q(57)?
6
Let m(f) = -f**2 - 4539*f + 63759. Determine m(14).
17
Let g(f) = 6*f**2 - 55*f + 241. What is g(5)?
116
Let h(o) = 1290*o**2 + 2594*o - 12. Give h(-2).
-40
Let b(r) = r**3 - 19*r**2 - 26308*r + 1227. Give b(-153).
3
Let j(y) = -5*y**2 - 159*y - 118. Give j(-31).
6
Let j(v) = -v**3 + 15*v**2 + 295*v + 985. Give j(-5).
10
Let n(c) = -13147*c - 1419880. What is n(-108)?
-4
Let q(u) = -6*u**2 + 1247*u - 4954. What is q(204)?
-262
Let d(t) = 11*t**2 + 461*t - 3170. Calculate d(6).
-8
Let u(k) = -2296*k + 179662. What is u(78)?
574
Let r(l) = 16*l**3 - 1150*l**2 - 322*l + 12842. Determine r(72).
26
Let o(i) = 1234*i + 13537. Calculate o(-11).
-37
Let l(y) = -13*y**2 + 179*y - 1801. Calculate l(6).
-1195
Let x(c) = 4*c**2 + 237*c - 311. What is x(-60)?
-131
Let s(w) = 5628*w + 1901. Calculate s(0).
1901
Let b(a) = -1093*a + 19575. What is b(18)?
-99
Let x(s) = 4*s**2 + 108*s - 23. Give x(-15).
-743
Let m(i) = i**3 + 5*i**2 + 31*i - 501. Determine m(0).
-501
Let d(q) = -q**3 - 106*q**2 - 99*q - 10540. Determine d(-106).
-46
Let f(h) = -2490581*h + 2490579. Determine f(1).
-2
Let q(v) = 13*v**2 - 387*v - 72. Determine q(29).
-362
Let d(v) = 904*v - 142. Calculate d(1).
762
Let c(k) = -70*k**2 + 153*k + 206. Calculate c(5).
-779
Let i(d) = d**3 + 8*d**2 - 121*d - 49. Determine i(0).
-49
Let j(m) = -47*m**3 + 221*m**2 - 113*m. Determine j(4).
76
Let y(j) = 2673*j + 36391. Give y(-13).
1642
Let j(r) = -49*r**2 - 13002*r - 4539. What is j(-265)?
-34
Let a(c) = -30*c**2 + 1177*c - 8728. Calculate a(10).
42
Let a(p) = 5052*p - 20182. Calculate a(4).
26
Let a(c) = 9*c**3 + 6667*c**2 - 1492*c - 7400. What is a(-741)?
10
Let o(l) = 3*l**3 + 39*l**2 + l - 48. Calculate o(-7).
827
Let q(r) = 1256*r - 727249. Determine q(579).
-25
Let h(a) = 34*a - 1332. Calculate h(42).
96
Let p(g) = 257*g + 14349. Calculate p(-41).
3812
Let o(t) = -4788*t - 38211. What is o(-8)?
93
Let m(q) = 924*q - 59252. Calculate m(64).
-116
Let j(z) = -1201*z - 64825. Give j(-54).
29
Let g(i) = i**3 + 736*i**2 - 345*i - 1330731. Give g(-734).
11
Let z(a) = 77*a**2 + 2563*a + 727. Give z(-33).
1
Let l(d) = -d**3 + 9*d**2 + 12052*d - 96336. What is l(8)?
144
Let w(d) = -14*d**2 - 36*d - 10. What is w(4)?
-378
Let r(t) = 86*t + 926. What is r(-6)?
410
Let l(x) = -4*x**2 - 535*x + 1596. Calculate l(3).
-45
Let i(s) = 34296*s - 33945. Determine i(1).
351
Let p(k) = -108635*k - 1520875. Calculate p(-14).
15
Let c(m) = -3467*m - 76689. What is c(-22)?
-415
Let z(f) = 2*f**2 - 39884*f + 398642. Give z(10).
2
Let l(w) = -1162*w - 115053. Give l(-99).
-15
Let p(b) = -b**2 - 148*b - 4222. Give p(-102).
470
Let m(p) = 22*p**2 + 56*p + 233. Give m(-5).
503
Let l(b) = b**3 - 89*b**2 + 37*b - 3545. What is l(89)?
-252
Let n(j) = -24*j**3 - 21*j**2 + 45*j - 3. Give n(2).
-189
Let n(y) = 8402*y + 218479. Give n(-26).
27
Let m(k) = 2*k**2 + 162*k - 1660. Calculate m(-89).
-236
Let t(v) = -v**2 + 16880*v - 572736. Calculate t(34).
28
Let j(q) = -q**3 + 4*q**2 + 252*q + 78. What is j(17)?
605
Let c(p) = 5*p**3 + 146*p**2 + 7*p - 648. Calculate c(-29).
-10
Let v(h) = -2229*h + 13039. What is v(6)?
-335
Let q(h) = h**2 + 290*h + 20892. Determine q(-135).
-33
Let s(k) = -3694*k + 158842. Give s(43).
0
Let q(d) = -d**2 - 799*d + 46928. Calculate q(55).
-42
Let d(r) = 81333*r - 976239. Give d(12).
-243
Let d(w) = -117*w**2 + 606*w + 2896. Determine d(8).
256
Let l(d) = -3216*d - 366553. Give l(-114).
71
Let a(d) = -55*d**2 + 583*d + 2309. Calculate a(-4).
-903
Let q(z) = z**3 + 245*z**2 + 421*z - 15795. Determine q(-243).
0
Let a(x) = -60892*x + 608943. What is a(10)?
23
Let o(y) = -y**3 - 960*y**2 - 132431*y - 23. What is o(-167)?
-23
Let x(o) = 82*o**2 + 793*o + 2402. Determine x(-3).
761
Let v(d) = -d**2 - 57*d - 161. Determine v(-13).
411
Let f(a) = 5*a**2 + 229*a - 131. Determine f(-45).
-311
Let o(s) = -40390*s + 847948. Give o(21).
-242
Let q(a) = 31619*a + 29057865. Determine q(-919).
4
Let z(s) = -11*s**2 - 1128*s - 8929. Calculate z(-8).
-609
Let t(q) = -q**2 + 4393*q + 128291. Calculate t(-29).
53
Let h(q) = 205378*q - 2053769. Give h(10).
11
Let x(d) = d**3 + 3*d**2 - 30*d - 14. Determine x(4).
-22
Let l(n) = -n**2 - 2193*n + 517706. Determine l(215).
-14
Let a(l) = -l**3 - 333*l**2 - 295*l + 12288. Calculate a(-332).
4
Let a(l) = -l**2 - 1483*l - 339636. What is a(-283)?
-36
Let y(t) = -411*t**2 - 1052*t + 3. Give y(-2).
463
Let g(x) = x**2 + 1387*x + 40459. Calculate g(-30).
-251
Let o(d) = d**2 + 135*d + 4393. Determine o(-86).
179
Let k(g) = 704769*g + 9162037. What is k(-13)?
40
Let t(g) = 2*g**2 + 3906*g - 102786. Calculate t(26).
122
Let l(o) = 172*o + 1361. Give l(-8).
-15
Let w(t) = t**3 - 12*t**2 - 41*t + 228. Calculate w(-6).
-174
Let i(r) = -5*r**3 - 4*r**2 - 60*r - 214. Give i(-4).
282
Let l(h) = -24076*h - 192813. Determine l(-8).
-205
Let s(t) = 36929*t + 2658907. Determine s(-72).
19
Let f(c) = 22*c**2 - 293*c - 4894. Give f(23).
5
Let o(n) = -7*n**2 - 184*n - 1991. What is o(-19)?
-1022
Let p(s) = s**3 + 299*s**2 + 3162*s + 26. What is p(-11)?
92
Let a(k) = 649*k + 14921. What is a(-23)?
-6
Let o(i) = -6*i**2 - 421518*i + 421521. What is o(1)?
-3
Let i(d) = 60*d**3 - 160*d**2 - 3*d + 11. Give i(3).
182
Let s(y) = 2*y**3 + 67*y**2 + 104*y - 147. Calculate s(-32).
-403
Let u(m) = 7*m**2 - 2477*m + 9914. Determine u(4).
118
Let z(l) = l**3 - 8*l**2 - 39*l - 33. Determine z(-1).
-3
Let n(v) = -22*v**2 + 568*v - 2914. Give n(19).
-64
Let y(j) = 80817*j + 565826. Calculate y(-7).
107
Let d(w) = 10*w**2 + 74*w + 231. Give d(-6).
147
Let r(v) = v**3 + 10*v**2 - 188*v + 413. What is r(5)?
-152
Let h(q) = q**2 + 152459*q + 3353602. Determine h(-22).
-12
Let j(k) = -3890*k - 55. Determine j(0).
-55
Let n(l) = 3*l**2 + 375*l + 153. What is n(-120)?
-1647
Let t(u) = 13*u**2 + 127*u - 1508. Calculate t(-17).
90
Let d(o) = 8*o**3 + 50*o**2 + 245*o - 25. Give d(-5).
-1000
Let t(q) = q**3 - 2*q**2 + 73*q - 777. What is t(7)?
-21
Let g(x) = -6*x**2 + 3445*x - 8072. Calculate g(572).
-636
Let r(m) = -407*m + 108492. Give r(266).
230
Let k(t) = t**2 + 24*t - 721. Calculate k(-45).
224
Let h(t) = -333*t + 11640. What is h(32)?
984
Let j(d) = 4048*d**2 - 24112*d - 1054. Give j(6).
2
Let x(p) = -1356*p + 9379. What is x(4)?
3955
Let h(i) = i**2 - 525401*i - 4728694. Give h(-9).
-4
Let q(h) = h**2 + 65*h + 992. Calculate q(-42).
26
Let i(v) = 195671*v + 3913383. Determine i(-20).
-37
Let x(w) = -788*w - 7554. Give x(-10).
326
Let i(y) = 12*y - 509. Calculate i(11).
-377
Let p(u) = 53124*u - 265622. Determine p(5).
-2
Let l(g) = 8662088*g + 8662081. Determine l(-1).
-7
Let w(l) = -12*l**3 - 59*l**2 - 6*l - 1. Calculate w(-4).
-153
Let j(a) = a**3 + 279*a**2 + 1187*a + 99104. Calculate j(-276).
20
Let o(w) = -2*w**3 - 114*w**2 - 1684*w - 1730. Calculate o(-27).
-2
Let o(c) = 2*c**2 + 179*c + 3725. Give o(-68).
801
Let d(a) = 43*a + 3384. Determine d(-34).
1922
Let w(l) = -3917*l - 23500. Give w(-6).
2
Let w(t) = 5107*t - 802. What is w(-1)?
-5909
Let b(d) = d**3 + 519*d**2 + 1582*d + 53. Calculate b(-3).
-49
Let n(j) = -1666*j**2 + 26674*j - 74. Determine n(16).
214
Let a(p) = -9688*p - 658673. Determine a(-68).
111
Let o(a) = -69*a + 23186. Determine o(325).
761
Let l(z) = 17145*z + 9018276. Give l(-526).
6
Let z(g) = -847*g**3 - 4*g**2 + 27*g - 24. Calculate z(1).
-848
Let z(c) = -9816*c - 118037. Calculate z(-12).
-245
Let j(l) = 3734*l + 37344. Give j(-10).
4
Let l(r) = 5*r**3 - 261*r**2 - 782*r + 219. Calculate l(55).
-441
Let j(u) = -2*u**3 - 19*u**2 + 45*u + 621. What is j(-8)?
69
Let r(y) = -13*y**2 + 166*y - 150. Give r(12).
-30
Let m(d) = -3098*d + 6282. Give m(2).
86
Let s(h) = h**3 - 143*h**2 + 4244*h - 237. Give s(101).
-35
Let h(x) = 2*x**3 + 89*x**2 - 299*x - 3022. Determine h(-47).
-14
Let r(x) = x**3 - 52*x**2 + 149*x - 6896. What is r(52)?
852
Let q(m) = m**3 + 2*m**2 - 3277*m - 34963. Give q(-11).
-5
Let i(v) = -35*v**3 - 213*v - 215. Determine i(-1).
33
Let i(o) = 129*o - 2200. What is i(20)?
380
Let g(r) = 436*r + 4392. Give g(-12).
-840
Let q(s) = -5*s**2 - 275*s + 8466. What is q(-77)?
-4
Let l(n) = n**3 + 72*n**2 - 59*n + 1089. Give l(-73).
67
Let p(a) = a**3 + 135*a**2 - 704*a - 522. Calculate